+ 2 + 2 - 82 - (2 - (-9 - 5)).
-95
What is the value of 23 + -13 + (-1 - 6) + -12 + (30 - -1)?
22
-1 - (4 + 27 + (-10 - 21))
-1
(-23834 - -23837) + (0 + 0 - 67)
-64
Calculate 44 + -20 - (-36 + 38).
22
Calculate (11 - -125 - 135) + (60 + 3 - -3).
67
Evaluate 37 + 18 + -55 + 43.
43
What is 173 + -106 + -117 - 5?
-55
What is the value of -8 + 0 - (110 - 18 - 50)?
-50
-40 + -13 + (18 - -45)
10
Evaluate 4 + 88 + (135 - -5) + -166.
66
What is (-4 - (-14 + 25)) + (-6 + 29 - 5)?
3
What is (37 + -62 - (-36 - 0)) + -37 + -3?
-29
Evaluate -101 + ((3 - 16) + 58 - 11).
-67
Calculate -32 + (-1 + 4 - (-82 - (-58 - 6))).
-11
What is -15 + 13 + 1 + -1 - 81 - -1?
-82
22 - 52 - -22 - (-31 + 11)
12
What is the value of 193 + -148 + (24 - -2) - 7?
64
What is the value of 5 + (-44 - -67) + -48?
-20
What is -3 + (2 - (2 + 7)) + -5 + 35 + -86?
-66
Evaluate 0 + -15 + ((-39 - -29) + -26 - 6).
-57
What is 13 + (0 - (12 + -2 + -7)) + -7?
3
Calculate 115 - ((62 - (47 + -38)) + -44).
106
What is the value of -20 + (23 - 32 - -44) + -84?
-69
What is the value of (61 + (3 - 2) - 1) + -1 + 6167 + -6174?
53
What is (-3 - -1 - 35) + (56453 - 56352)?
64
Calculate -79 - (-11 + -119) - 98.
-47
Calculate (-4 - -22) + -5 + -48 + 34 + -3.
-4
What is the value of 99 + (-410 - -337) + 5 + 38?
69
What is the value of 107 + (93 - (-56 - -240))?
16
What is 29 + -8 + (-64 - -20)?
-23
What is 1 + -1 + (-2 - 0) - (38 + 18 - 32)?
-26
What is the value of -16 - (-410 + 395 + 1 + 30)?
-32
What is the value of 13 - (7 + (13 + -10 - 42) - 6)?
51
(-1 - -1) + 0 - (-37 - 46 - -81)
2
What is 201 - 126 - (104 - 9)?
-20
(53 + -117 - -70) + -2
4
Evaluate -20 - (-136 + (-69 - -62)).
123
What is (0 + 6 - 14) + (78 - (5 - 9))?
74
Evaluate -22 - (48 - (20 + 8)) - 11.
-53
Calculate (-14 + 23 - 56 - 5) + 18.
-34
Evaluate -4 - (-4 - 3) - ((12 - 0) + (-164 - -163)).
-8
Evaluate 5 + -10 + 1201 + -1049 + 1 + -19.
129
What is 38 + -1 + -116 + 48?
-31
What is (80 - (166 + -70)) + (-2 - (2 + -22))?
2
Calculate (33 - 7) + 15 + -33.
8
Evaluate (75 - (104 + 13)) + (0 - (-5 + 3)) + -4.
-44
Evaluate 18 - (-40 + (-27 + 46 - -9)).
30
(1 - 17 - (-28 - -22)) + (84 - -8)
82
What is the value of 98 + (-246 - (-190 + 84))?
-42
Calculate (171 - 164) + (14 - 47).
-26
-11 + -6 + 45 + -6 - -11 - -8
41
What is the value of 40 - ((-27 - -17) + (95 - -31))?
-76
What is 54 + -93 + 48 + -6?
3
Calculate (28 - 8) + -46 + 94 + 0.
68
Evaluate 36 - ((17 - (-17 + 15)) + -22) - 5.
34
What is the value of (-25 - -5) + -56 + (46 - -3) + (1 - 1)?
-27
What is the value of 3 + 2 + -16 + (-61 - -59) + -22 - 15?
-50
What is 0 + 11 - (-27 - (-39 + 21 - -21))?
41
-5 + 10 - (3 + -7 - 7)
16
What is the value of -31 + 73 + -106 + 122?
58
Evaluate 34 - ((34 - -14) + -77).
63
What is -16 + (24 - -17) + 3 + -73?
-45
63 - (1 + -81) - 5
138
Evaluate (11 - 69) + 15 + -11.
-54
Calculate (-32 - 48) + 124 + 43 + 2.
89
Calculate -47 + 2988 + -2998 + 10 + -2 + (1 - 0).
-48
Calculate (22 + 38 - 31) + (21 - 3).
47
Calculate (-64 - -63) + 26 + 5 + 11.
41
Evaluate 9 + 14 + 0 + -14 + -18 + 17.
8
What is the value of -130 - (-4 - (122 - 37))?
-41
What is -29 - -20 - (29 + -75)?
37
0 - ((5 - 9) + -6 - (5 - 24))
-9
(40 - (28 + -6)) + -14
4
Evaluate 2 - 0 - (30 - 64 - -23 - -13).
0
Calculate 0 + 16 - (7 + (46 - 15)).
-22
287 - 248 - (-5 - -35 - -1)
8
Calculate -8 + 47 - (-479 + 566).
-48
Evaluate 8 + -20 + 13 + 4.
5
What is the value of 1 - ((-125 - -140) + (-2 - (0 - -7)) - 7)?
2
What is -15 + 2 - (-36 + 25 - -17) - -6?
-13
Evaluate -5 - (175 + 115 + -231).
-64
-4005 - -4050 - (27 + -4 + -1)
23
Evaluate -19 - (-132 - (-57 + -24)).
32
(-4 - -7) + -4 + -1811 + 1799
-13
What is -51 - (((16 - 15) + 6 - -5) + -8 + -1)?
-54
What is (34 - (-22 + 4 + 12 - -29)) + -1 + -10?
0
Evaluate 333 + -363 - (-9 - -7 - (3 - (1 + 0))).
-26
(12 - -55) + (5 + 4 - (1 - -1))
74
What is the value of -36 + (-27 - (-38 + 11 + -28))?
-8
Calculate (-17 - (-32 + -12) - 18) + (-2 - -1) + 10.
18
Calculate (38 - 16 - 2 - 4) + -14.
2
(-45 + 1 - -23) + (2 - 1) + 2
-18
77 + -101 + -21 + 1
-44
-61 + 2 + 29 + -8 - ((-3 - -2) + 3)
-40
Calculate (-67 - -48) + -13 + -7 - -29.
-10
What is -5 + 9 + -11 + (7 - (9 + -7)) + 33?
31
Calculate 0 + -4 - 0 - ((-9 - -24) + -4 - -46).
-61
What is 39 + (134 - (357 + -99))?
-85
What is -35 - (43 + -52 - (-2 - -1) - (51 + -50))?
-26
Evaluate -132 - (-129 - -88 - 84).
-7
(-4962 - -4970) + (0 + 0 - 2) + -10
-4
Calculate 83 + 28 + -54 + -29.
28
Evaluate (23 - -33) + 0 + 14.
70
What is (43 - 3) + (0 + 5 - 17 - (9 + -11))?
30
What is (-66 - 0 - -35) + 43 + 1?
13
Calculate -21 - (-39 + 18 + -28 + 0).
28
Evaluate -2 - (-53 - -34) - 59.
-42
(10 - (24 - 12)) + 15 + -17
-4
What is 21 + (14 + -86 - -43) + 6?
-2
Calculate -1 + -21 + (26 + (-5 - 1) - (44 - 34)).
-12
What is the value of (-11 - -11) + -179 + 247?
68
What is the value of (48 + -37 - (20 + -6 + 4)) + -14?
-21
What is the value of -54 - 2 - 4 - ((37 - 27) + -4)?
-66
Evaluate 0 - 0 - (-79 + -14 + 110).
-17
22 - (-14 + (-22 - -36)) - 30
-8
-22 - (-61 + -19 + 27 + 14)
17
What is 58 + -2 + 1 - (50 - 61 - 4)?
72
What is 5 + (5 - 3 - -2 - (-7 - 45 - 9))?
70
Calculate 32 + -29 + 10 - (1 + 6) - 52.
-46
Calculate 0 - (-1 + 15 - (-118 - -68 - -106)).
42
What is 6 + 1 - (541 + -513) - -21?
0
Calculate 4 - 55 - 39 - -10.
-80
Evaluate 226 + (71 - 162) - 73.
62
What is (-1 - (1 - -59)) + 33 + -19 + (-44 - -28)?
-63
Calculate (1 - 3 - -1) + 0 - (-30302 + 30290) - 105.
-94
What is the value of -128 - (14 + 17 - 259)?
100
What is the value of -94 + -12 + 40 + -2 + -28?
-96
What is 5 + -17 + -6 + -10 + -7?
-35
-191 - -136 - (-50 - -9) - (-83 + (2 - 1))
68
Evaluate 2 - (-7 - (-21 + 6)) - (-24 + (27 - 17)).
8
(-14 - -36 - -119) + -94
47
Evaluate -2 + -5 - (7 - 10 - (8 + -1) - -18).
-15
37 + (21 - (39 + 19 + -39))
39
What is the value of -46 + (-36 - -120) + -40?
-2
Evaluate (-2 - 17) + (80 - 15) + -101.
-55
What is the value of -35 + 28 - (-45 - -84)?
-46
What is the value of 2 + -3 + 49 - ((49 - (17 + -16)) + -38)?
38
Evaluate 8 - ((-12 - -9) + 1 + 11) - 62.
-63
What is the value of 15 + 15 + -36 - 12 - (-2 - -14)?
-30
Calculate -23 - 1 - (-6 + (11 - (7 - 6 - 5))).
-33
What is -16479 + 16583 - (90 - 0)?
14
Calculate -8 + -21 + (-1073 - -1015).
-87
What is -25 - 7 - (-2 + -9 - (14 + (20 - 34)))?
-21
84 + -98 + (131 - 41) + (0 - 4)
72
Calculate 16 + -4 + 2 + -29 + (-21 - -44) - 8.
0
Calculate -3 + (18 - 33 - (-4 - (50 + -5))).
31
Calculate 0 + -38 + 2 + 0 + -8 - (-2 + 1).
-43
38 + (-61 - -23) + 4 + -9 + 4
-1
Evaluate (7 - (54 + -28 + -17)) + 36.
34
What is the value of -48 + 0 + (-3 - 46 - -21)?
-76
50 + -19 + 19 + (0 - 5) + 4
49
What is the value of 19 + 9 + -15 - 34 - ((0 - 2) + -4)?
-15
What is -3 + 18 - (-159 + 206)?
-32
Evaluate -223 + 187 + 6 + 13 + (-8 - 1).
-26
Calculate -86 + (111 - 73 - 23).
-71
-24 - (-31 + 29 + 17 + -17)
-22
Evaluate 9 - -1 - (19 + -39).
30
What is the value of 7 + (-6 - 10) + (9 - 1) + -31 + -10?
-42
Calculate 5 + 5 - (16 + -10 + -17 + 0 + 78).
-57
Calculate (39 + -79 - -49) + 5 + 2 + -10 + -2.
4
What is -1 + (20 + (-13 - 0) - (-1 + -1)) + -48?
-40
-25 - (-36 + -6 + 12 + -23)
28
-11 + -1 - (-5 - -2 - (-199 + 194))
-14
Evaluate (154 + -197 - (3 - 98)) + -1.
51
Evaluate -10 + (145 - 148 - (-5 - (4 + -2))) + 35.
29
What is the value of (-17 - (-52 + 19)) + -22 + 5 + -13?
-14
What is the value of 168 + -188 + 59 + 3?
42
Calculate -1 + (-37 + -4 - 4) - (-234 - -229).
-41
What is -6 - (-9 + 5 + 16 - (88 - 69))?
1
Evaluate 4 + 5 + (-21 - -3) + 15 - 52.
-46
Calculate -7 + (9 + 1 - (2 - -14)).
-13
Evaluate (4 - -6) + (-5 - 33) + (-5 - 0).
-33
What is the value of (-3 - -1) + 5 - 31 - (-157 + 153)?
-24
What is (5 - -5) + -10 - ((-24 - 10) + -2 + 0)?
36
What is 12874 + -12782 - (-1 - -61)?
32
1 - 6 - (-17 - (25 + -22 - 26))
-11
Evaluate -28 - (4 + (14 - 5) - (-14 - -20)).
-35
Calculate (0 + -6 - -24) + 1 + -4 + (-93 - -98).
20
-2 - (-12 + 5 - (-31 + 20) - -21)
-27
Calculate (11 - (0 + 6) - 8) + -49 - (-2 + -8).
-42
Evaluate -8 - (21 + (-42 - -18)) - (-4 + 3 + -79).
75
Calculate 100 + (-42 + -56 - -83).
85
-60 + (69 - -18) + 0 + 39
66
24 - (29 - -37) - (23 + -2)
-63
Evaluate 46 + -3 + (40 - 168) + -31.
-116
Calculate (16 - 6 - (-15 + 34)) + 1 + 1 + 1.
-6
What is the value of (0 - -19) + -60 + 6 + -28 + 7?
-56
What is 20 - ((67 